{"id":286,"date":"2025-10-09T06:47:20","date_gmt":"2025-10-09T06:47:20","guid":{"rendered":"https:\/\/test.wordpress.numerique-esr.fr\/test\/?page_id=286"},"modified":"2025-10-10T11:35:07","modified_gmt":"2025-10-10T11:35:07","slug":"2-2","status":"publish","type":"page","link":"https:\/\/test.wordpress.numerique-esr.fr\/test\/index.php\/2-2\/","title":{"rendered":"2"},"content":{"rendered":"\n<h1>\ud83c\udf9b 2. Configurer la classe virtuelle<\/h1>\n\n<p><em>Vous trouverez sur cette page toutes les options pour pr\u00e9parer votre classe virtuelle, ind\u00e9pendamment de la plateforme que vous utilisez.<\/em><\/p>\n\n<div style=\"border-left:4px solid #3b82f6; padding:12px; background:#f0f8ff; margin:16px 0;\">\n  <strong>\ud83d\udca1 Info :<\/strong> Cette \u00e9tape concerne l&rsquo;utilisation de classes virtuelles depuis Moodle en LTI, ainsi que sur le portail national et les plateformes FUN.\n  <ul style=\"margin-top:8px;\">\n    <li>Pour des conseils d&rsquo;utilisation sur le plugin BBB, rendez-vous sur l&rsquo;onglet d\u00e9di\u00e9 dans la rubrique <strong>Cr\u00e9er une classe virtuelle<\/strong> : \n      <a href=\"..\/301-2\/\">\n        Ajouter et param\u00e9trer une nouvelle classe BigBlueButton\n      <\/a>\n    <\/li>\n    <li>Pour un guide d&rsquo;utilisation sur la plateforme Esup-Pod, contactez le service informatique de votre universit\u00e9, \n      rendez-vous sur \n      <a href=\"..\/esup-pod\/\">\n        Param\u00e9trer et programmer une r\u00e9union BBB sur Pod\n      <\/a>\n    <\/li>\n  <\/ul>\n<\/div>\n\n<p>Une fois la salle cr\u00e9\u00e9e, un \u00e9cran de configuration appara\u00eet.<\/p>\n\n<p><img decoding=\"async\" src=\"\/test\/wp-content\/uploads\/2025\/10\/dashboard-3_colonnes.png\" alt=\"\u00c9cran de configuration de la classe virtuelle\" style=\"max-width:100%; height:auto;\"><\/p>\n\n<div style=\"border-left:4px solid #3b82f6; padding:12px; background:#f0f8ff; margin:16px 0;\">\n  <strong>\ud83d\udca1 Info :<\/strong> Les composants de configuration (widgets) peuvent s&rsquo;afficher sur 2 ou 3 colonnes selon la plateforme o\u00f9 vous configurez votre classe virtuelle.\n<\/div>\n\n<h2>Titre et lancement<\/h2>\n\n<p>\nSi vous souhaitez d\u00e9marrer la classe imm\u00e9diatement, vous pouvez simplement saisir un titre et cliquer sur \n<code>Lancer la classe virtuelle maintenant dans BBB<\/code> :\n<\/p>\n\n<p><img decoding=\"async\" src=\"\/test\/wp-content\/uploads\/2025\/10\/marsha-bbb-titre.gif\" alt=\"Titre BBB\" style=\"max-width:100%; height:auto;\"><\/p>\n\n<p>Vous pouvez aussi <strong>planifier et pr\u00e9parer votre classe<\/strong> \u00e0 l&rsquo;aide des widgets suivants.<\/p>\n\n<h2>Description<\/h2>\n\n<p>Pour saisir des messages d&rsquo;accueil pour vos participants.<\/p>\n\n<p><img decoding=\"async\" src=\"\/test\/wp-content\/uploads\/2025\/10\/description.png\" alt=\"Description\" style=\"max-width:100%; height:auto;\"><\/p>\n\n<ul>\n  <li>Le champ <strong>Description<\/strong> correspond au texte d&rsquo;affichage sur l&rsquo;\u00e9cran d&rsquo;attente c\u00f4t\u00e9 LMS <img decoding=\"async\" src=\"\/test\/wp-content\/uploads\/2025\/10\/config-description-lms.png\" alt=\"config LMS\" style=\"height:1em; vertical-align:middle;\">.<\/li>\n  <li>Le <strong>Texte de bienvenue<\/strong> s&rsquo;affichera au niveau du chat dans BigBlueButton <img decoding=\"async\" src=\"\/test\/wp-content\/uploads\/2025\/10\/config-description-bbb.png\" alt=\"config BBB\" style=\"height:1em; vertical-align:middle;\">.<\/li>\n<\/ul>\n\n<h2>Planification<\/h2>\n\n<p>Pour planifier votre classe virtuelle avec une date et heure de d\u00e9but et une dur\u00e9e estim\u00e9e.<\/p>\n\n<p><img decoding=\"async\" src=\"\/test\/wp-content\/uploads\/2025\/10\/planification-date.png\" alt=\"Planification\" style=\"max-width:100%; height:auto;\"><\/p>\n\n<h2>Invitation<\/h2>\n\n<p>Pour partager votre classe virtuelle.<\/p>\n\n<ol>\n  <li><strong>Lien d&rsquo;invitation pour les participants :<\/strong> permet d&rsquo;inviter des personnes qui ne sont pas inscrites au cours (lien public).<\/li>\n  <li><strong>Lien d&rsquo;invitation pour les mod\u00e9rateurs :<\/strong> permet d&rsquo;inviter des personnes qui rejoindront avec des droits de mod\u00e9ration \u00e9quivalents aux v\u00f4tres.<\/li>\n  <li><strong>Lien d&rsquo;int\u00e9gration en LTI :<\/strong> pour int\u00e9grer votre salle dans un autre cours sur le LMS.<\/li>\n<\/ol>\n\n<p><img decoding=\"async\" src=\"\/test\/wp-content\/uploads\/2025\/10\/invitation.png\" alt=\"Invitation\" style=\"max-width:100%; height:auto;\"><\/p>\n\n<h2>Outils et applications<\/h2>\n\n<p>Pour activer les fonctionnalit\u00e9s suivantes en amont de la classe virtuelle :<\/p>\n\n<ul>\n  <li>Chat (\u00ab\u00a0Discussion publique\u00a0\u00bb sur BBB)<\/li>\n  <li>Notes partag\u00e9es<\/li>\n  <li>Salle d&rsquo;attente (tout le monde entrera sans validation)<\/li>\n  <li>Enregistrement (le bouton <strong>Enregistrer<\/strong> ne s&rsquo;affichera pas dans BBB)<\/li>\n<\/ul>\n\n<p><img decoding=\"async\" src=\"\/test\/wp-content\/uploads\/2025\/10\/outils-applications_fr.png\" alt=\"Outils et applications\" style=\"max-width:100%; height:auto;\"><\/p>\n\n<h2>Documents partag\u00e9s<\/h2>\n\n<p>\nPour charger vos pr\u00e9sentations <strong>au format PDF<\/strong> via glisser-d\u00e9poser ou en s\u00e9lectionnant votre fichier local, \net choisir celle qui doit s&rsquo;afficher au lancement de la classe.\n<\/p>\n\n<p><img decoding=\"async\" src=\"\/test\/wp-content\/uploads\/2025\/10\/documents-partages-vide.png\" alt=\"Documents partag\u00e9s\" style=\"max-width:100%; height:auto;\"><\/p>\n\n<p>S\u00e9lectionnez la pr\u00e9sentation par d\u00e9faut en cliquant sur la coche \u00e0 droite :<\/p>\n\n<p><img decoding=\"async\" src=\"\/test\/wp-content\/uploads\/2025\/10\/marsha-bbb-fichier-partage-upload.gif\" alt=\"Chargement pr\u00e9sentation\" style=\"max-width:100%; height:auto;\"><\/p>\n\n<p>\nLes fichiers charg\u00e9s seront accessibles depuis la classe BigBlueButton : \n<img decoding=\"async\" src=\"\/test\/wp-content\/uploads\/2025\/10\/documents-partages-bbb.png\" alt=\"Documents BBB\" style=\"height:1em; vertical-align:middle;\">\n<\/p>\n\n<div style=\"border-left:4px solid #3b82f6; padding:12px; background:#f0f8ff; margin:16px 0;\">\n  <strong>\ud83d\udca1 Info :<\/strong> Vous pouvez supprimer les fichiers et les t\u00e9l\u00e9charger en local en cliquant sur leur titre.\n<\/div>\n\n<h2>Enregistrements<\/h2>\n\n<p>Pour r\u00e9cup\u00e9rer vos enregistrements <strong>au format .mp4<\/strong> apr\u00e8s la classe virtuelle.<\/p>\n\n<p><img decoding=\"async\" src=\"\/test\/wp-content\/uploads\/2025\/10\/enregistrements-2_fichiers.png\" alt=\"Enregistrements\" style=\"max-width:100%; height:auto;\"><\/p>\n\n<div style=\"border-left:4px solid #16a34a; padding:12px; background:#ecfdf5; margin:16px 0;\">\n  <strong>\u2705 Astuce :<\/strong>\n  <ul style=\"margin-top:8px;\">\n    <li>Tous les moments enregistr\u00e9s au cours d&rsquo;une session sont propos\u00e9s dans un seul fichier.<\/li>\n    <li>Vous pourrez enregistrer la session \u00e0 chaque fois que vous relancerez la classe.<\/li>\n  <\/ul>\n<\/div>\n\n<p>\nUne fois votre classe planifi\u00e9e, un \u00e9cran d&rsquo;attente s&rsquo;affichera pour les participants \n(dans le LMS, sur la plateforme de votre choix ou depuis le lien d&rsquo;invitation) :\n<\/p>\n\n<p><img decoding=\"async\" src=\"\/test\/wp-content\/uploads\/2025\/10\/accueil.png\" alt=\"\u00c9cran d'attente\" style=\"max-width:100%; height:auto;\"><\/p>\n\n<p>Il est temps d\u00e9sormais de voir comment lancer et animer votre classe virtuelle.<\/p>\n\n\n\n<p><\/p>\n","protected":false},"excerpt":{"rendered":"<p>\ud83c\udf9b 2. Configurer la classe virtuelle Vous trouverez sur cette page toutes les options pour pr\u00e9parer votre classe virtuelle, ind\u00e9pendamment de la plateforme que vous utilisez. \ud83d\udca1 Info : Cette \u00e9tape concerne l&rsquo;utilisation de classes virtuelles depuis Moodle en LTI, ainsi que sur le portail national et les plateformes FUN. Pour des conseils d&rsquo;utilisation sur le plugin BBB, rendez-vous sur l&rsquo;onglet d\u00e9di\u00e9 dans la rubrique Cr\u00e9er une classe virtuelle : Ajouter et param\u00e9trer une nouvelle classe BigBlueButton Pour un guide [&#8230;]<\/p>\n<p><a class=\"btn btn-secondary understrap-read-more-link\" href=\"https:\/\/test.wordpress.numerique-esr.fr\/test\/index.php\/2-2\/\">Lire la suite\u2026<span class=\"screen-reader-text\"> from 2<\/span><\/a><\/p>\n","protected":false},"author":1,"featured_media":0,"parent":0,"menu_order":0,"comment_status":"closed","ping_status":"closed","template":"page-documentation.php","meta":{"footnotes":""},"class_list":["post-286","page","type-page","status-publish","hentry"],"_links":{"self":[{"href":"https:\/\/test.wordpress.numerique-esr.fr\/test\/index.php\/wp-json\/wp\/v2\/pages\/286","targetHints":{"allow":["GET"]}}],"collection":[{"href":"https:\/\/test.wordpress.numerique-esr.fr\/test\/index.php\/wp-json\/wp\/v2\/pages"}],"about":[{"href":"https:\/\/test.wordpress.numerique-esr.fr\/test\/index.php\/wp-json\/wp\/v2\/types\/page"}],"author":[{"embeddable":true,"href":"https:\/\/test.wordpress.numerique-esr.fr\/test\/index.php\/wp-json\/wp\/v2\/users\/1"}],"replies":[{"embeddable":true,"href":"https:\/\/test.wordpress.numerique-esr.fr\/test\/index.php\/wp-json\/wp\/v2\/comments?post=286"}],"version-history":[{"count":6,"href":"https:\/\/test.wordpress.numerique-esr.fr\/test\/index.php\/wp-json\/wp\/v2\/pages\/286\/revisions"}],"predecessor-version":[{"id":374,"href":"https:\/\/test.wordpress.numerique-esr.fr\/test\/index.php\/wp-json\/wp\/v2\/pages\/286\/revisions\/374"}],"wp:attachment":[{"href":"https:\/\/test.wordpress.numerique-esr.fr\/test\/index.php\/wp-json\/wp\/v2\/media?parent=286"}],"curies":[{"name":"wp","href":"https:\/\/api.w.org\/{rel}","templated":true}]}}