{"id":294,"date":"2025-10-09T06:53:35","date_gmt":"2025-10-09T06:53:35","guid":{"rendered":"https:\/\/test.wordpress.numerique-esr.fr\/test\/?page_id=294"},"modified":"2025-10-10T11:36:05","modified_gmt":"2025-10-10T11:36:05","slug":"294-2","status":"publish","type":"page","link":"https:\/\/test.wordpress.numerique-esr.fr\/test\/index.php\/294-2\/","title":{"rendered":"4"},"content":{"rendered":"\n<h1>4. Animer la classe virtuelle avec BigBlueButton<\/h1>\n\n<p>\nEn cliquant sur le bouton <code>Rejoindre<\/code> \u00e0 l&rsquo;heure pr\u00e9vue, un nouvel onglet s&rsquo;ouvre et vous \u00eates d\u00e9sormais dans la salle BigBlueButton. Vous pouvez alors profiter de toutes les fonctionnalit\u00e9s de la version 2.6 de cette solution.\n<\/p>\n\n<p><img decoding=\"async\" src=\"\/test\/wp-content\/uploads\/2025\/10\/animer-v2.5.png\" alt=\"\u00c9cran de lancement par d\u00e9faut de BBB\" style=\"max-width:100%;height:auto;\"><\/p>\n\n<div style=\"border-left:4px solid #16a34a;padding:12px;background:#ecfdf5;margin:16px 0;\">\n  <strong>\u2705 Astuce :<\/strong> Vous trouverez ci-dessous un aper\u00e7u des principales fonctionnalit\u00e9s pour bien d\u00e9marrer avec BBB. \n  Ce logiciel libre propose n\u00e9anmoins un tr\u00e8s large panel d&rsquo;options. \n  Si vous n&rsquo;avez pas trouv\u00e9 r\u00e9ponse \u00e0 vos questions ici, consultez la section \n  <a href=\"..\/294-2\/#pour-aller-plus-loin\">Pour aller plus loin<\/a>.\n<\/div>\n\n<h2>Activation du micro et de la cam\u00e9ra<\/h2>\n\n<h3>Rejoindre l&rsquo;audio de la r\u00e9union<\/h3>\n\n<p>Une fois dans la salle, tous les utilisateurs devront choisir entre <code>Microphone<\/code> et <code>\u00c9coute seule<\/code>.<\/p>\n\n<p><img decoding=\"async\" src=\"\/test\/wp-content\/uploads\/2025\/10\/audio-micro.png\" alt=\"Choix micro ou \u00e9coute seule\" style=\"max-width:100%;height:auto;\"><\/p>\n\n<p>et valider un test d&rsquo;\u00e9cho :<\/p>\n\n<p><img decoding=\"async\" src=\"\/test\/wp-content\/uploads\/2025\/10\/audio-echo.png\" alt=\"Test d'\u00e9cho\" style=\"max-width:100%;height:auto;\"><\/p>\n\n<p>En cas de probl\u00e8me, la r\u00e9ponse <strong>Non<\/strong> proposera des choix suppl\u00e9mentaires de microphone et haut-parleur :<\/p>\n\n<p><img decoding=\"async\" src=\"\/test\/wp-content\/uploads\/2025\/10\/audio-modifier-parametres.png\" alt=\"Modifier les param\u00e8tres audio\" style=\"max-width:100%;height:auto;\"><\/p>\n\n<p>\nLe mode <strong>\u00c9coute seule<\/strong> ne permet pas de prendre la parole. \nIl est n\u00e9anmoins possible de changer d&rsquo;avis et de rejoindre la discussion en cliquant sur \n<code>Quitter l'audio de la r\u00e9union<\/code> (ic\u00f4ne <strong>Casque<\/strong>) et en modifiant son choix.\n<\/p>\n\n<p><img decoding=\"async\" src=\"\/test\/wp-content\/uploads\/2025\/10\/marsha-bbb-audio-change.gif\" alt=\"Changer le mode audio\" style=\"max-width:100%;height:auto;\"><\/p>\n\n<div style=\"border-left:4px solid #16a34a;padding:12px;background:#ecfdf5;margin:16px 0;\">\n  <strong>\u2705 Conseil :<\/strong> Vous pouvez recommander cette manipulation aux \u00e9tudiants entr\u00e9s en \u00e9coute seule mais souhaitant finalement prendre la parole.\n<\/div>\n\n<h3>Partager sa cam\u00e9ra<\/h3>\n\n<p>\nLa cam\u00e9ra des participants n&rsquo;est pas activ\u00e9e par d\u00e9faut. \nCliquez sur le bouton <code>Partager webcam<\/code> \n<img decoding=\"async\" src=\"\/test\/wp-content\/uploads\/2025\/10\/animer-partager-webcam.png\" alt=\"\" style=\"height:1em;vertical-align:middle;\"> \net autorisez l&rsquo;utilisation via votre navigateur \n<img decoding=\"async\" src=\"\/test\/wp-content\/uploads\/2025\/10\/animer-webcam-navigateur.png\" alt=\"\" style=\"height:1em;vertical-align:middle;\">.\n<\/p>\n\n<p>Un menu vous propose alors de choisir <strong>votre cam\u00e9ra<\/strong>, sa <strong>qualit\u00e9<\/strong> et un <strong>arri\u00e8re-plan<\/strong> :<\/p>\n\n<p><img decoding=\"async\" src=\"\/test\/wp-content\/uploads\/2025\/10\/animer-webcam.png\" alt=\"Partage webcam\" style=\"max-width:100%;height:auto;\"><\/p>\n\n<div style=\"border-left:4px solid #3b82f6;padding:12px;background:#f0f8ff;margin:16px 0;\">\n  <strong>\ud83d\udca1 Info :<\/strong> En tant que mod\u00e9rateur, vous pouvez \u00e9pingler \n  <img decoding=\"async\" src=\"\/test\/wp-content\/uploads\/2025\/10\/animer-cam-pin.png\" alt=\"\" style=\"height:1em;vertical-align:middle;\"> \n  ou d\u00e9s\u00e9pingler les cam\u00e9ras \n  <img decoding=\"async\" src=\"\/test\/wp-content\/uploads\/2025\/10\/animer-cam-unpin.png\" alt=\"\" style=\"height:1em;vertical-align:middle;\"> \n  des participants.\n<\/div>\n\n<h2>Accueil des participants<\/h2>\n\n<h3>Gestion de la salle d&rsquo;attente<\/h3>\n\n<p>\nPar d\u00e9faut, l\u2019entr\u00e9e des participants se fera dans une salle d\u2019attente : \n<img decoding=\"async\" src=\"\/test\/wp-content\/uploads\/2025\/10\/animer-salle_dattente.png\" alt=\"\" style=\"height:1em;vertical-align:middle;\"> \nVous serez notifi\u00e9\u00b7e de leur arriv\u00e9e \n<img decoding=\"async\" src=\"\/test\/wp-content\/uploads\/2025\/10\/animer-salle_dattente-arrivee.png\" alt=\"\" style=\"height:1em;vertical-align:middle;\">.\n<\/p>\n\n<p>En cliquant sur <code>Utilisateurs en attente<\/code>, vous pourrez :<\/p>\n\n<ul>\n  <li>Autoriser ou rejeter les demandes <strong>globalement<\/strong><\/li>\n  <li><strong>M\u00e9moriser<\/strong> ce choix pour les nouveaux arrivants<\/li>\n  <li>Traiter les demandes <strong>au cas par cas<\/strong><\/li>\n  <li>\u00c9crire un message \u00e0 tous ou \u00e0 certains utilisateurs en attente<\/li>\n<\/ul>\n\n<p><img decoding=\"async\" src=\"\/test\/wp-content\/uploads\/2025\/10\/animer-gerer-attente.png\" alt=\"Gestion salle d'attente\" style=\"max-width:100%;height:auto;\"><\/p>\n\n<div style=\"border-left:4px solid #16a34a;padding:12px;background:#ecfdf5;margin:16px 0;\">\n  <strong>\u2705 Conseil :<\/strong> Vous pouvez d\u00e9sactiver la salle d&rsquo;attente depuis la configuration de la salle :\n  <a href=\"..\/2-2\/\">Outils et applications<\/a>.\n<\/div>\n\n<h3>Discussion publique et messages priv\u00e9s<\/h3>\n\n<p>\nSi vous avez saisi un <code>Texte de bienvenue<\/code> \u00e0 l&rsquo;\u00e9tape de configuration, il s&rsquo;affichera dans le chat.\nVous pouvez participer \u00e0 la <strong>discussion publique<\/strong> ou envoyer un <strong>message priv\u00e9<\/strong>.\n<\/p>\n\n<p><img decoding=\"async\" src=\"\/test\/wp-content\/uploads\/2025\/10\/bbb-discussions.gif\" alt=\"Chat BBB\" style=\"max-width:100%;height:auto;\"><\/p>\n\n<h2>Mod\u00e9ration et pr\u00e9sentation<\/h2>\n\n<h3>Les r\u00f4les<\/h3>\n\n<p>\nLes mod\u00e9rateurs et participants ont des statuts diff\u00e9rents : carr\u00e9 pour les mod\u00e9rateurs, rond pour les participants. \nVous pouvez changer ces r\u00f4les :\n<\/p>\n\n<p><img decoding=\"async\" src=\"\/test\/wp-content\/uploads\/2025\/10\/moderation-statut.png\" alt=\"Promouvoir un participant\" style=\"max-width:100%;height:auto;\"><\/p>\n<p><img decoding=\"async\" src=\"\/test\/wp-content\/uploads\/2025\/10\/moderation-statut-back.png\" alt=\"R\u00e9trograder un mod\u00e9rateur\" style=\"max-width:100%;height:auto;\"><\/p>\n\n<p>\nEn tant que mod\u00e9rateur, vous disposez de permissions sp\u00e9cifiques :\n<\/p>\n\n<p><img decoding=\"async\" src=\"\/test\/wp-content\/uploads\/2025\/10\/moderation-statut-permissions.png\" alt=\"Permissions mod\u00e9rateur\" style=\"max-width:100%;height:auto;\"><\/p>\n\n<p>Une gestion globale est accessible via la roue crant\u00e9e :<\/p>\n\n<p><img decoding=\"async\" src=\"\/test\/wp-content\/uploads\/2025\/10\/moderation-statut-options-config.png\" alt=\"Options globales\" style=\"max-width:100%;height:auto;\"><\/p>\n\n<div style=\"border-left:4px solid #3b82f6;padding:12px;background:#f0f8ff;margin:16px 0;\">\n  <strong>\ud83d\udca1 Info :<\/strong> Consultez la vid\u00e9o \n  <a href=\"https:\/\/podeduc.apps.education.fr\/video\/3370-decouvrir-linterface-vue-moderateur\/\">D\u00e9couvrir l&rsquo;interface vue mod\u00e9rateur (PodEduc)<\/a>.\n<\/div>\n\n<h3>Le r\u00f4le de pr\u00e9sentateur<\/h3>\n\n<p>\nUn seul <strong>pr\u00e9sentateur<\/strong> \u00e0 la fois. Ce r\u00f4le peut \u00eatre donn\u00e9 \u00e0 un participant sans le promouvoir mod\u00e9rateur.\n<\/p>\n\n<p><img decoding=\"async\" src=\"\/test\/wp-content\/uploads\/2025\/10\/presentation01.png\" alt=\"Donner r\u00f4le pr\u00e9sentateur\" style=\"max-width:100%;height:auto;\"><\/p>\n<p><img decoding=\"async\" src=\"\/test\/wp-content\/uploads\/2025\/10\/presentation02.png\" alt=\"Reprendre la main\" style=\"max-width:100%;height:auto;\"><\/p>\n\n<p>\nLe menu <code>Actions<\/code> (cercle bleu en bas \u00e0 gauche) permet d&rsquo;acc\u00e9der aux options de pr\u00e9sentation :\n<\/p>\n\n<p><img decoding=\"async\" src=\"\/test\/wp-content\/uploads\/2025\/10\/presentation03.png\" alt=\"Options pr\u00e9sentation\" style=\"max-width:100%;height:auto;\"><\/p>\n\n<p><strong>Le pr\u00e9sentateur peut :<\/strong><\/p>\n<ul>\n  <li>G\u00e9rer les documents<\/li>\n  <li>Lancer un sondage<\/li>\n  <li>Partager une vid\u00e9o<\/li>\n  <li>Choisir un utilisateur al\u00e9atoirement<\/li>\n  <li>Partager son \u00e9cran<\/li>\n  <li>\u00c9crire ou dessiner sur le tableau blanc<\/li>\n<\/ul>\n\n<div style=\"border-left:4px solid #3b82f6;padding:12px;background:#f0f8ff;margin:16px 0;\">\n  <strong>\ud83d\udca1 Info :<\/strong> Voir la vid\u00e9o \n  <a href=\"https:\/\/podeduc.apps.education.fr\/video\/3496-les-outils-du-presentateur\/\">Les outils du pr\u00e9sentateur (PodEduc)<\/a>.\n<\/div>\n\n<h2>Enregistrement de la classe<\/h2>\n\n<p>Les classes peuvent \u00eatre enregistr\u00e9es via le bouton <code>Commencer l'enregistrement<\/code>.<\/p>\n\n<p><img decoding=\"async\" src=\"\/test\/wp-content\/uploads\/2025\/10\/marsha-bbb-record-yes.gif\" alt=\"Lancer enregistrement\" style=\"max-width:100%;height:auto;\"><\/p>\n\n<p>Vous pouvez arr\u00eater et reprendre \u00e0 volont\u00e9 :<\/p>\n\n<p><img decoding=\"async\" src=\"\/test\/wp-content\/uploads\/2025\/10\/marsha-bbb-record-stop.gif\" alt=\"Pause et reprise\" style=\"max-width:100%;height:auto;\"><\/p>\n\n<div style=\"border-left:4px solid #3b82f6;padding:12px;background:#f0f8ff;margin:16px 0;\">\n  <strong>\ud83d\udca1 Info :<\/strong> Tous les enregistrements d&rsquo;une session sont regroup\u00e9s dans un seul fichier .mp4.\n<\/div>\n","protected":false},"excerpt":{"rendered":"<p>4. Animer la classe virtuelle avec BigBlueButton En cliquant sur le bouton Rejoindre \u00e0 l&rsquo;heure pr\u00e9vue, un nouvel onglet s&rsquo;ouvre et vous \u00eates d\u00e9sormais dans la salle BigBlueButton. Vous pouvez alors profiter de toutes les fonctionnalit\u00e9s de la version 2.6 de cette solution. \u2705 Astuce : Vous trouverez ci-dessous un aper\u00e7u des principales fonctionnalit\u00e9s pour bien d\u00e9marrer avec BBB. Ce logiciel libre propose n\u00e9anmoins un tr\u00e8s large panel d&rsquo;options. Si vous n&rsquo;avez pas trouv\u00e9 r\u00e9ponse \u00e0 vos questions ici, consultez [&#8230;]<\/p>\n<p><a class=\"btn btn-secondary understrap-read-more-link\" href=\"https:\/\/test.wordpress.numerique-esr.fr\/test\/index.php\/294-2\/\">Lire la suite\u2026<span class=\"screen-reader-text\"> from 4<\/span><\/a><\/p>\n","protected":false},"author":1,"featured_media":0,"parent":0,"menu_order":0,"comment_status":"closed","ping_status":"closed","template":"page-documentation.php","meta":{"footnotes":""},"class_list":["post-294","page","type-page","status-publish","hentry"],"_links":{"self":[{"href":"https:\/\/test.wordpress.numerique-esr.fr\/test\/index.php\/wp-json\/wp\/v2\/pages\/294","targetHints":{"allow":["GET"]}}],"collection":[{"href":"https:\/\/test.wordpress.numerique-esr.fr\/test\/index.php\/wp-json\/wp\/v2\/pages"}],"about":[{"href":"https:\/\/test.wordpress.numerique-esr.fr\/test\/index.php\/wp-json\/wp\/v2\/types\/page"}],"author":[{"embeddable":true,"href":"https:\/\/test.wordpress.numerique-esr.fr\/test\/index.php\/wp-json\/wp\/v2\/users\/1"}],"replies":[{"embeddable":true,"href":"https:\/\/test.wordpress.numerique-esr.fr\/test\/index.php\/wp-json\/wp\/v2\/comments?post=294"}],"version-history":[{"count":5,"href":"https:\/\/test.wordpress.numerique-esr.fr\/test\/index.php\/wp-json\/wp\/v2\/pages\/294\/revisions"}],"predecessor-version":[{"id":376,"href":"https:\/\/test.wordpress.numerique-esr.fr\/test\/index.php\/wp-json\/wp\/v2\/pages\/294\/revisions\/376"}],"wp:attachment":[{"href":"https:\/\/test.wordpress.numerique-esr.fr\/test\/index.php\/wp-json\/wp\/v2\/media?parent=294"}],"curies":[{"name":"wp","href":"https:\/\/api.w.org\/{rel}","templated":true}]}}