{"id":310,"date":"2025-10-09T07:10:27","date_gmt":"2025-10-09T07:10:27","guid":{"rendered":"https:\/\/test.wordpress.numerique-esr.fr\/test\/?page_id=310"},"modified":"2025-10-10T11:38:37","modified_gmt":"2025-10-10T11:38:37","slug":"310-2","status":"publish","type":"page","link":"https:\/\/test.wordpress.numerique-esr.fr\/test\/index.php\/310-2\/","title":{"rendered":"infra esr"},"content":{"rendered":"\n<h1>Infrastructure BigBlueButton de l\u2019ESR<\/h1>\n\n<p>\nL\u2019infrastructure <strong>BigBlueButton<\/strong> de l\u2019Enseignement Sup\u00e9rieur et de la Recherche (ESR) \nest op\u00e9r\u00e9e par \n<a href=\"https:\/\/www.france-universite-numerique.fr\/\" target=\"_blank\" rel=\"noopener\">France Universit\u00e9 Num\u00e9rique<\/a>, \nh\u00e9berg\u00e9e par \n<a href=\"https:\/\/www.scaleway.com\" target=\"_blank\" rel=\"noopener\">Scaleway<\/a> \net infog\u00e9r\u00e9e par \n<a href=\"https:\/\/www.arawa.fr\/\" target=\"_blank\" rel=\"noopener\">Arawa<\/a>.\n<\/p>\n\n<p>Elle se compose de&nbsp;:<\/p>\n\n<ul>\n  <li>\n    <strong>Serveurs BigBlueButton<\/strong> autoscal\u00e9s en nombre variable selon la demande, \n    h\u00e9bergeant les classes virtuelles.\n  <\/li>\n  <li>\n    <strong>Un load balancer Scalelite<\/strong> g\u00e9rant l\u2019authentification multi-tenant des connexions \n    en provenance des universit\u00e9s et r\u00e9partissant les classes virtuelles entre les diff\u00e9rents serveurs \n    BigBlueButton en fonction de leur charge.\n  <\/li>\n  <li>\n    <strong>Un espace de stockage objet<\/strong> assurant la persistance des documents li\u00e9s aux classes virtuelles&nbsp;:\n    enregistrements vid\u00e9o, notes partag\u00e9es, pr\u00e9sentations, etc.\n  <\/li>\n  <li>\n    <strong>Un serveur TURN<\/strong> permettant l\u2019acc\u00e8s aux classes virtuelles pour les participants \n    dont le trafic UDP est bloqu\u00e9.\n  <\/li>\n<\/ul>\n\n<p>\n  <img decoding=\"async\" src=\"\/test\/wp-content\/uploads\/2025\/10\/bigbluebutton_esr_archi.png\" \n       alt=\"Architecture BigBlueButton ESR\" \n       style=\"max-width:100%; height:auto; display:block; margin:auto;\">\n<\/p>\n","protected":false},"excerpt":{"rendered":"<p>Infrastructure BigBlueButton de l\u2019ESR L\u2019infrastructure BigBlueButton de l\u2019Enseignement Sup\u00e9rieur et de la Recherche (ESR) est op\u00e9r\u00e9e par France Universit\u00e9 Num\u00e9rique, h\u00e9berg\u00e9e par Scaleway et infog\u00e9r\u00e9e par Arawa. Elle se compose de&nbsp;: Serveurs BigBlueButton autoscal\u00e9s en nombre variable selon la demande, h\u00e9bergeant les classes virtuelles. Un load balancer Scalelite g\u00e9rant l\u2019authentification multi-tenant des connexions en provenance des universit\u00e9s et r\u00e9partissant les classes virtuelles entre les diff\u00e9rents serveurs BigBlueButton en fonction de leur charge. Un espace de stockage objet assurant la persistance [&#8230;]<\/p>\n<p><a class=\"btn btn-secondary understrap-read-more-link\" href=\"https:\/\/test.wordpress.numerique-esr.fr\/test\/index.php\/310-2\/\">Lire la suite\u2026<span class=\"screen-reader-text\"> from infra esr<\/span><\/a><\/p>\n","protected":false},"author":1,"featured_media":0,"parent":0,"menu_order":0,"comment_status":"closed","ping_status":"closed","template":"page-documentation.php","meta":{"footnotes":""},"class_list":["post-310","page","type-page","status-publish","hentry"],"_links":{"self":[{"href":"https:\/\/test.wordpress.numerique-esr.fr\/test\/index.php\/wp-json\/wp\/v2\/pages\/310","targetHints":{"allow":["GET"]}}],"collection":[{"href":"https:\/\/test.wordpress.numerique-esr.fr\/test\/index.php\/wp-json\/wp\/v2\/pages"}],"about":[{"href":"https:\/\/test.wordpress.numerique-esr.fr\/test\/index.php\/wp-json\/wp\/v2\/types\/page"}],"author":[{"embeddable":true,"href":"https:\/\/test.wordpress.numerique-esr.fr\/test\/index.php\/wp-json\/wp\/v2\/users\/1"}],"replies":[{"embeddable":true,"href":"https:\/\/test.wordpress.numerique-esr.fr\/test\/index.php\/wp-json\/wp\/v2\/comments?post=310"}],"version-history":[{"count":3,"href":"https:\/\/test.wordpress.numerique-esr.fr\/test\/index.php\/wp-json\/wp\/v2\/pages\/310\/revisions"}],"predecessor-version":[{"id":383,"href":"https:\/\/test.wordpress.numerique-esr.fr\/test\/index.php\/wp-json\/wp\/v2\/pages\/310\/revisions\/383"}],"wp:attachment":[{"href":"https:\/\/test.wordpress.numerique-esr.fr\/test\/index.php\/wp-json\/wp\/v2\/media?parent=310"}],"curies":[{"name":"wp","href":"https:\/\/api.w.org\/{rel}","templated":true}]}}